?
10
Let w be -3*(-3 - (-30)/9). Let t(x) = -5*x**2 - 3*x + 4. Let h(u) = u**2 + u - 1. Let s(q) = w*t(q) - 4*h(q). Give s(1).
0
Let z = -1310 - -1316. Let a(s) = -s**3 + 7*s**2 - 8*s - 2. Give a(z).
-14
Let c(a) = -34*a + 0 - 2 + 31*a + 2 + 1 - a**2. Give c(-3).
1
Let t(y) = -5*y**3 + 12*y**2 + y - 2. Let m(k) = -11*k**3 + 26*k**2 + 2*k - 5. Let s(r) = 6*m(r) - 13*t(r). Determine s(0).
-4
Let b(g) = 10*g - 284. Let s be b(28). Let m(u) = -8*u - 35. Give m(s).
-3
Let t(d) = d - 7. Let l be t(9). Let i(c) = c**2 + c - 2. Let a be i(-2). Suppose a = -2*v + l. Let z(y) = -12*y**3 - 2*y**2 + 2*y - 1. Give z(v).
-13
Let p(v) be the third derivative of 3*v**4/8 - 11*v**3/6 + 547*v**2. Determine p(6).
43
Let a be -6*(-2)/4 + 5. Suppose 2*p - 4 = -i, a = 4*p - 0*i - i. Let d(s) = s**2 + 4*s - 6*s**2 + 3*s**p + 1. Give d(3).
-5
Let p(o) = o**2 - o + 1. Let r(d) = d**3 + d**2 - 9*d + 4. Let i be (-3)/(-2) - (-54)/(-12). Let j(y) = i*p(y) + r(y). Let z be (-3)/(3*2/(-8)). Determine j(z).
9
Let p be ((-60)/9)/(5/(-75)). Let u = p + -66. Suppose u*k + 8 = 32*k. Let c(w) = -2*w + 4. What is c(k)?
12
Suppose -1205*w = -1200*w + 40. Let h(z) = z + 11. What is h(w)?
3
Let x(h) be the second derivative of 3*h**3/2 - h**2 - 12*h - 15. Determine x(-2).
-20
Let x(f) = 5 - 6*f + f**3 - 62*f**2 + 5*f + 65*f**2. Suppose -6*l - 20 = -l. Let i be x(l). Let z(q) = -q - 9. Calculate z(i).
-2
Let f(w) = -w**2 + 0*w**2 + 3*w - 1 + 2*w**2 - 2*w. What is f(-2)?
1
Let z(q) = 2*q - 9. Let i(y) = y - 7. Let d(h) = h - 8. Let l(r) = 4*d(r) - 5*i(r). Let p(a) = 11*l(a) + 4*z(a). Calculate p(-2).
3
Let j(d) be the second derivative of -d**5/20 - d**4/6 + d**3/2 - d**2/2 + 33*d - 7. Let v(k) = -k**3 - 4*k**2 + 5*k - 3. Let z be v(-5). Determine j(z).
-1
Let w(z) = -z**3 + 9*z**2 - 11*z + 17. Let v(k) = -k**3 + 9*k**2 - 10*k + 16. Let j(f) = -3*v(f) + 2*w(f). Determine j(8).
-14
Let m(t) = 1219331*t**2 - 2 - 4*t - 1219333*t**2 + 0. Suppose 2*v = -v + k + 4, -2*v + 4*k = -6. Let u = v - 3. What is m(u)?
-2
Let k(p) = -p**2 + 7*p - 2. Let a be (-1)/(-5) - 29/(1160/(-192)). Calculate k(a).
8
Let u(c) = -c. Suppose -11*d + 41 = -3. Let s(p) = -p**2 + 2*p - 4. Let k(i) = d*u(i) + s(i). What is k(-3)?
-7
Let i(v) = -2*v**3 - v**2 - 10. Let c be i(-3). Suppose 32*s = c*s + 21. Let q(l) = -l**2 - 5*l + 10. Give q(s).
-4
Let g(l) = l**3 + l**2 + l - 2. Suppose 24 = -5*w + 2*w. Let u(c) = c**3 + 9*c**2 + 7*c - 6. Let j be u(w). What is g(j)?
12
Let m(q) = -q**2 + 61*q - 516. Let r be m(10). Let w(d) = d**2 - 3*d + 1. Let t be w(5). Let s(v) = 2*v**3 + t*v - 5*v**2 - 4*v - 3*v**3. Determine s(r).
-6
Let f(a) be the second derivative of -a**5/20 - a**4/3 - a**3/3 + 3*a**2/2 - 61*a. Calculate f(-3).
0
Let w be 2*3*(-1)/1. Let q be (-58)/(-18) + w/27. Let a(s) = -3*s + 6*s**q - 3*s**3 + 2*s**2 + 2*s. Determine a(1).
4
Let k be (9/6)/((-12)/(-32)). Let r = 4 - 1. Let x(c) = -k + 2*c**2 + 4 + r*c. Determine x(-2).
2
Let u(a) = -20*a - 6. Let t(d) = -44*d - 15. Let r(l) = -3*t(l) + 7*u(l). Determine r(3).
-21
Let s(x) = x**2 + x. Let j = -8 + 10. Suppose y = -2*q - 69, 3*q + j*y = 3*y - 101. Let t = 36 + q. Determine s(t).
6
Let f(v) = v + 9. Let c(s) = s**2 - s - 47. Let w be c(7). Determine f(w).
4
Suppose 3*j - 2*k - 10 = 0, 3*j + 4*k + 9 - 25 = 0. Let s(l) be the third derivative of -11*l**2 - 1/120*l**6 + 0*l**5 + 0*l**j + 0*l + 0 - 2*l**3. Give s(0).
-12
Let j(x) = 20*x + 3. Let i(k) = 7*k + 1. Let o(w) = -17*i(w) + 6*j(w). Suppose p - q = -2, 15 = -4*p + 3*q + 6. Determine o(p).
-2
Let u(l) = 2*l - 9. Let x = 28 - 28. Suppose 8*y - 38 - 26 = x. What is u(y)?
7
Let y be 2/((-68)/(-20) + -3). Suppose 6*m + 19 = -y. Let h(i) be the third derivative of i**6/120 + i**5/12 + i**4/6 + i**3/3 - i**2. Determine h(m).
2
Let u(m) be the second derivative of -m**3/2 - 17*m**2/2 - 15*m + 5. Determine u(-8).
7
Let x(f) be the third derivative of -f**4/24 - f**3/6 + 51*f**2. Let j(w) = 2*w**2 + w - 3. Let d be j(3). Let v = -13 + d. Determine x(v).
-6
Let j be -2*1/(-2) - -1. Suppose -j*p + 16 = -3*p. Let b = -21 - p. Let n(r) = r + 9. Calculate n(b).
4
Let z be 4/6 - 40/6. Let a(f) = f**3 + 2*f**2 - 8*f - 7. Let j(d) = d**3 + d**2 - 8*d - 7. Suppose 4 = -t - 0. Let c(n) = t*a(n) + 3*j(n). Determine c(z).
-5
Let x(o) = -2*o**2 - 8*o - 33. Let k(r) = 5*r**2 + 14*r + 65. Let v(c) = 3*k(c) + 7*x(c). Determine v(16).
-4
Let y(o) = 2*o**3 + 3*o**2 + 3*o + 2. Suppose 128 + 104 = -8*h. Let x = -31 - h. What is y(x)?
-8
Let f(s) = -4*s - 4. Suppose -14 - 1 = -3*b, -2*j - 5*b = -41. Let u = 4 + j. Suppose -3*h = -3 + u. Determine f(h).
8
Let h(k) = -k**2 + 2*k + 4. Suppose 0 = -3*o - 2*y - 238, 0*y - 223 = 3*o - y. Let u = o + 72. Determine h(u).
-20
Let j(c) be the first derivative of c**3/3 + c**2 - 22*c - 95. What is j(4)?
2
Let k = -99 - -108. Suppose 0 = -k*q - 3 + 3. Let s(v) = v**3 + 31. What is s(q)?
31
Let b(u) = u**3 + 5*u**2 + 5*u + 3. Let m be b(-3). Suppose 2*j + j = m. Let s(r) be the first derivative of r**3 - r**2 - 29. Determine s(j).
8
Let u(h) be the second derivative of h**3/3 - 4*h**2 + 348*h. Give u(7).
6
Let s be (-1 + 2)/((-2)/6). Let c be (-2)/s*18/(-4). Let g(i) = -9*i**3 + 0*i**2 - 5*i + 3 + 10*i**3 + 2*i + i**2. Give g(c).
-6
Let k(t) = t**2 - 12*t + 13. Let u be k(11). Let c(h) = -h + 1. Let v(p) = 3*p - 3. Let g(d) = 7*c(d) + 3*v(d). Determine g(u).
2
Let j(l) = -9*l**2 - 2*l - 2. Let b(m) = -343*m**2 - 77*m - 77. Let p(n) = 2*b(n) - 77*j(n). Suppose 2 = 2*h + 12. Let q be 3 + (2 - -1) + h. Calculate p(q).
7
Let v be (1 - 4)/3 - 1. Let y(u) = 2*u + 1. Let r(x) = -2*x. Let g(a) = v*r(a) - 3*y(a). Determine g(-2).
1
Let h(r) be the second derivative of 5/12*r**4 + 1/20*r**5 + 4*r + 1/3*r**3 + 0 - r**2. Calculate h(-5).
-12
Let i(s) = s - 3. Let t be i(6). Suppose -t*h + h = 6. Let j(n) = 5*n**2 - 152*n - 3*n**2 + 309*n - 154*n - 3. What is j(h)?
6
Let z be 4/(-14) - 8/(-28). Suppose -4*r - 5*s + 2 = z, -7*r + 3*r + 4*s = -20. Let w be (-4)/r*(1 + 2). Let q(m) = m**2 + m - 2. Determine q(w).
10
Let w be (-6)/4 - (-78)/12. Suppose 0*j - o + 34 = w*j, 3*j - 17 = -4*o. Suppose 4*r - 2*z + 2 = -j*z, 6 = -r - 4*z. Let x(s) = -s**2 - s + 2. Determine x(r).
-4
Suppose 0 = 6*j + 37*j - 215. Let m(q) = -q**2 + 7*q - 13. Calculate m(j).
-3
Let u = -10 - -8. Let i(p) = -p + 1. Let s(q) = -q - 8. Let l(z) = u*i(z) + s(z). Calculate l(-7).
-17
Let a(z) = -4*z - 46. Let s be a(-13). Let r(o) = o**3 - 7*o**2 - 6. What is r(s)?
-42
Let g(w) be the first derivative of -w**5/20 - w**4/3 + 5*w**3/6 + 3*w**2 + 16*w - 26. Let f(k) be the first derivative of g(k). What is f(-5)?
6
Suppose 5*b - 4*q - 51 = 0, q = -2*q - 12. Let v be b + -6 - (-8)/2. Let k(g) = 2*g + 0*g - 6*g + 3*g. What is k(v)?
-5
Suppose 0 = -4*x, -3*o - 5*x + 2 = -2*o. Let z(w) = o*w + 3 - 10 + 6. Determine z(-4).
-9
Suppose -5*g - 1 + 26 = 0. Let s(u) = 23*u**2 + 3*u - 7. Let l(c) = -27*c**2 - 3*c + 8. Let q(y) = -6*l(y) - 7*s(y). What is q(g)?
11
Suppose -3*o - 3 = -4*o. Let f(t) be the second derivative of -t**3/3 + 5*t**2/2 + 7*t. Let u(z) = -7*z + 14. Let c(r) = o*u(r) - 8*f(r). Give c(2).
-8
Let a(x) be the second derivative of x**5/20 + x**4/4 - 2*x**3/3 + 3*x**2/2 + 17*x - 1. Determine a(2).
15
Let g = -21 + 15. Let c(r) be the first derivative of r**2/2 + 6*r + 105. Calculate c(g).
0
Let r(t) = t**2 + 6*t - 12. Let w = -273 + 264. What is r(w)?
15
Let k(n) = -2*n**3 - 16*n + n**3 - 2*n**2 + 15*n. Let h(b) = 3*b**3 + 5*b**2 + 3*b. Let s(i) = 2*h(i) + 5*k(i). What is s(-1)?
-2
Let o(r) = -r - 3. Let k be o(-3). Let s(y) = -y. Let q(g) = 4*g - 9. Let t(b) = -b + 1. Let h(m) = q(m) + 6*t(m). Let z(l) = h(l) - s(l). What is z(k)?
-3
Let q(c) = -1 + c**2 + c + 0*c + 0. Let y be -10 + (10 - 0 - -3). Calculate q(y).
11
Let d(n) = -n**2 - 19*n + 2. Let v be -3 + (-39)/(-12) + 1001/(-52). Calculate d(v).
2
Let x(g) = 28*g - 7. Let b(p) = 13*p - 4. Let m(h) = -13*b(h) + 6*x(h). Determine m(6).
4
Let t(f) = 7*f**2 + 12*f + 4. Let n(y) = 13*y**2 + 23*y + 8. Let b(m) = -6*n(m) + 11*t(m). Give b(-4).
4
Suppose 44 - 42 = -r. Let q(b) = -4*b - 5. Let m(j) = -j - 1. Let k(h) = 6*m(h) - q(h). Calculate k(r).
3
Let m(g) = -9*g**3 - 3 - 8*g**3 - 3*g**2 + 16*g**3 + g + 2. Let d = -7 + 5. What is m(d)?
-7
Let u(i) be the second derivative of -2/3*i**